ve g(7).
-1
Let v = 370 - 126. Let g = v + -241. Let c(m) = m + 3. Give c(g).
6
Let u(c) = c**3 + 12*c**2 - 16*c - 18. Let d = -14374 + 14361. Calculate u(d).
21
Suppose 7*l - 21*l + 406 = 0. Let z(w) = 42*w + 3 + 6*w**2 - l*w - 15*w. Determine z(2).
23
Let f be 1/2 - 7/2. Let h(m) = m**2 - 2*m - 9. Let k(b) = -2*b**2 + 5*b + 20. Let s(p) = 9*h(p) + 4*k(p). What is s(f)?
2
Let u(p) = -p - 14. Let c be (-3)/5 + -3*(-17)/(-15). Let b be (-172)/16 - -15*c/48. Give u(b).
-2
Let c be (6/(-4) - 3)/((-3)/(-6)). Let s(z) = -z**3 - 10*z**2 - 11*z - 9. Let i be s(c). Let l(y) = -y**2 + 9*y + 8. What is l(i)?
8
Suppose 0 = -5*j + 2*r + 42, 0 = -385*j + 382*j - 5*r + 19. Let f(b) = 129*b - 1024. Determine f(j).
8
Let x(a) = 14*a + 111. Let m be x(7). Let d(p) = -211*p - 1 - 1 - m*p + 416*p. Calculate d(6).
-26
Suppose 1365 = -111*k - 162*k. Let s(d) = 3*d - 1 + 2*d**2 - d**2 - 2. Determine s(k).
7
Let n(m) be the first derivative of -19*m**2/2 + 299*m - 3153. Determine n(16).
-5
Suppose -6*x + 5*x - 2 = 0. Let l(d) be the first derivative of -2*d**3/3 - d**2 + 2*d - 555. What is l(x)?
-2
Let h(d) be the second derivative of -3*d**5/5 + d**4/6 + d**3/6 - d**2/2 - 1375*d. Give h(2).
-87
Let z = -16 + 11. Let l(w) = -2*w**3 + 2*w**2 + 8*w - 2. Let n(j) = j**3 - 2*j**2 - 4*j + 2. Let x(b) = 3*l(b) + 5*n(b). Give x(z).
9
Let g(w) = 2*w**3 - 120*w + 1 - w**3 + 115*w + 0*w**3 - w**2. Give g(0).
1
Let k(t) = -t**3 + 6*t**2 - 5. Let y be -3 + 1*(4 - -1). Suppose y*w + 9 = 4*p - w, 0 = -p - 2*w + 16. Give k(p).
-5
Let n(u) = u**2 - 40*u. Suppose -140*t + 2990 = -2610. Calculate n(t).
0
Let h(s) = -13*s**2 - 7*s - 4. Let f(u) = 9*u**2 + 5*u + 3. Let l(m) = 7*f(m) + 5*h(m). Let b = 61 + -54. Let w be (b - -1)*21/168. Determine l(w).
-1
Let z(x) = 2*x + 1. Let y be z(-2). Let j(m) = 7*m**2 + 2*m + 5. Let o(f) = -16*f**2 - 6*f - 11. Let u(d) = -5*j(d) - 2*o(d). Give u(y).
-36
Let j(t) = t**2 - 2*t - 3. Let p(u) = 2*u. Let d be p(4). Let l(h) = 7*h - 2*h + 6 - 3*h**2 + 2 + 2*h. Let m(z) = d*j(z) + 3*l(z). What is m(5)?
0
Let m = 28 - -15. Let h = 37 - m. Let j(t) = 7 + 7 + 2 + 3 + 2*t - 18. Calculate j(h).
-11
Let o(y) = -y**2 + 6*y - y**3 + 12691 - 2*y**2 - 12691. What is o(-5)?
20
Let j(h) = -h**2 - h - 3. Let x(t) = 39*t**3 + 2*t**2 - 5*t - 4. Let c be x(2). Let n = 306 - c. What is j(n)?
-3
Suppose d + 5 = f, -2*f = 5*d + 16 - 5. Suppose 3*n - f*n = 2*x + 33, x = 2*n - 60. Suppose -n*r = -27*r + 10. Let h(a) = -a**2 - 7*a - 4. Give h(r).
6
Let w(o) be the third derivative of 7/60*o**5 + 0*o + 1/24*o**4 + 0 + 40*o**2 + 1/6*o**3. Calculate w(-1).
7
Let a = 878 + -876. Let i(w) be the second derivative of -13*w + 0 + 1/3*w**3 + 3/2*w**a. Calculate i(-6).
-9
Let x(p) = 57*p**2 - 106*p**2 + 652 - 314 + 48*p**2 - 352. Let w be (-1 - -1)/(-2 - -3). What is x(w)?
-14
Let s(b) = 85*b**2 + 4*b - 34. Let d(u) = -19*u**2 - u + 8. Let n(w) = 9*d(w) + 2*s(w). Suppose -4*r - 3*y - 13 = 0, y = -3*r - 0*y - 11. What is n(r)?
-8
Let h(z) = -8*z + 67. Let k(x) = 23*x**2 - 438*x + 34. Let d be k(19). Calculate h(d).
-53
Suppose 5*i + 17*j = 18*j + 75, -2*j = -i + 6. Suppose -3*d - 7 = -r - r, i = -4*r. Let f(h) = h**3 + 7*h**2 + 9*h - 1. What is f(d)?
4
Let o(g) = -58*g + 4. Let n(i) = 57*i - 4. Let a(c) = -3*n(c) - 4*o(c). Calculate a(2).
118
Let s(p) = -p**2 - 7*p - 6. Let l be s(-4). Let d(q) = -3*q - 8. Suppose -1 + 3 = 2*n. Let m(u) = -u + 1. Let g(h) = n*d(h) - 4*m(h). Determine g(l).
-6
Suppose 0 = -35*s + 32*s + 4*r - 8, -4*s - 3*r = 19. Let p(h) = 19*h - 6. What is p(s)?
-82
Let w = -233803 + 233801. Let j(f) = 16*f**2 - 2*f + 1. Let a(b) be the third derivative of b**5/12 - b**4/24 + b**2. Let x(z) = 7*a(z) - 2*j(z). Give x(w).
16
Let q(f) = f**2 - 5*f - 342. Suppose 3969*o = 3985*o + 256. Calculate q(o).
-6
Let s(h) = h + 183*h**2 - 2*h - 187*h**2 + 4*h + 1 - 2*h. Calculate s(-5).
-104
Let n(i) be the first derivative of -i**7/840 + i**6/72 + i**5/24 + i**4/8 - 85*i**3/3 + 3. Let l(z) be the third derivative of n(z). Determine l(6).
-3
Let j(n) = 10*n - 6*n - 3*n + 14 - 2. Let s = 353 + -359. Give j(s).
6
Let s(g) = -g - 73. Let q(n) = 49*n + 700. Let h(b) = q(b) + 6*s(b). Give h(-6).
4
Let s(v) = 57*v**2 - v - 2. Let r be 12/(-16) - (18 - (-994)/(-56)). Calculate s(r).
56
Suppose -135*z + 74 - 1694 = 0. Let p(m) = -2*m**3 - 22*m**2 + 22*m - 16. What is p(z)?
8
Let y(n) = -36*n - 13. Let c = -12241 + 12244. Calculate y(c).
-121
Suppose 5*u + 9 = -4*z, -z - 9 + 18 = 5*u. Let o(t) = 6*t**2 + t - 7. Determine o(u).
50
Let k(r) be the third derivative of r**6/120 - 7*r**5/60 + r**4/6 - 19*r**3/2 + 11213*r**2. Calculate k(8).
39
Let s(v) = -4*v + 2*v + 15*v + 362. Determine s(-28).
-2
Let t(a) = 4*a**2 - a - 1. Let k(h) = -h**2 - h - 1. Let b(u) = 5*k(u) + t(u). Let q be (-158)/(((-2)/4)/((-2)/4)). Let o = 152 + q. Determine b(o).
-6
Let l(h) be the first derivative of 1/6*h**3 + 8*h**2 + 0*h - 9 + 13/24*h**4. Let n(f) be the second derivative of l(f). Calculate n(1).
14
Let q(l) = l**2 + 12*l + 43. Suppose -5*y - 44 = 2*z, 5*z - 178*y + 174*y = -11. What is q(z)?
8
Suppose 0 = -14*b + 13*b + 7. Let w(s) = 27 + 2*s**2 + 3*s**2 + b*s - 21 - 4*s**2. Let g be -3 + -2 + (-5)/5. Give w(g).
0
Let l(u) be the third derivative of -u**6/720 + u**5/10 + u**4/12 - 38*u**3/3 - 6*u**2 - 5*u. Let q(j) be the second derivative of l(j). Calculate q(6).
6
Let v(y) = y**2 + 4*y - 65. Let w be -4 + (24/280)/(5/50)*14. Give v(w).
31
Let n be ((-3)/5)/(1*5/(-50)). Let x(s) = -2*s + 3*s**3 + n*s**2 + 0 - 9*s**2 - 4*s**3 + 1. Let l = 4 - 6. Calculate x(l).
1
Let a(s) be the first derivative of -1/4*s**4 + 4/3*s**3 + 344 - 2*s + s**2. Suppose -4 = -d - 0*d. What is a(d)?
6
Suppose 0 = 3*r + 3*u - 3, -24*r - 20 = -20*r - 4*u. Let a be r - -2 - 2/16*8. Let l(h) = 2*h**2 + 1. Give l(a).
3
Let j(o) = -5*o - 16. Suppose 24*t = 26*t - 2*b - 2, -3*b = 5*t + 27. Determine j(t).
-1
Let x(r) = -2*r**2 - 2*r + 4. Let k = -249 + 256. Suppose k = 13*a + 59. What is x(a)?
-20
Let x(n) be the first derivative of -1/2*n**2 - 142 + 14*n. Determine x(6).
8
Let y(p) = p - 9. Let v = -2576 - -2590. What is y(v)?
5
Let r(t) = -4*t + 7. Suppose -138 = 11*n - 102 + 151. Give r(n).
75
Let t(o) = 2*o**2 - 4*o - 2. Let y(f) = -44*f**2 + 58*f + 173. Let b(n) = -23*t(n) - y(n). Give b(12).
-7
Let o(u) = -93*u**3 + 6*u**2 + 8*u - 50. Let q(m) = -m**3 - m**2 - 3*m + 16. Let z(j) = o(j) + 3*q(j). What is z(-1)?
98
Let d be 10*(-4)/136*-17. Let n(s) = s**3 - s**2 - 21*s + 9. Give n(d).
4
Suppose 3*a + 221*k + 87 = 218*k, 3*a - 2*k = -112. Let i(b) = -3*b - 57. Calculate i(a).
45
Suppose n + 2 - 16 = 0. Let p(u) = u**3 - 13*u**2 - 15*u - 21. Let i be p(n). Let z = i + 29. Let j(y) = -y**2 - 9*y - 9. What is j(z)?
9
Let q(d) = -15*d + 674 - 20*d + 4*d**2 + d**3 - 700. Calculate q(-8).
-2
Let t(a) = 2*a + 4. Let n(p) = -3*p + 26. Let l(k) = 2*k**2 - 4*k + 6. Let h be l(6). Suppose -7*s + h = -2*s + q, 3*q = -s + 22. Let c be n(s). Give t(c).
-4
Let c(l) = l**2 + 9*l + 8. Let x be 7 - ((-15)/5 + -2). Suppose n = f, f = -2*f + x. Suppose 4*d - s + 37 = -2*s, -2*d + n*s = -4. What is c(d)?
0
Let u(t) = -9*t + 4 + t**2 + 3 - 2. Suppose -1375 + 145 = q. Let f = 1236 + q. What is u(f)?
-13
Suppose 2*r - 18 = 0, 3*b - 28 = 2*r - 31. Let k(d) be the second derivative of -40*d - 5/2*d**2 + 0 + 3/2*d**3 - 1/20*d**b - 2/3*d**4. What is k(-9)?
-5
Let u(y) = -y**3 + 8*y**2 - 14*y + 14. Suppose 672 = -93*i + 261*i. What is u(i)?
22
Suppose 2*l = -5*l + 560. Let n be (l/24)/(4/6). Let m(t) be the first derivative of -t**3/3 + 7*t**2/2 - 5*t - 7. What is m(n)?
5
Let q(x) be the third derivative of x**6/180 - x**5/30 + x**4/8 - 6*x**3 + 13*x**2 - 3. Let z(j) be the first derivative of q(j). Give z(3).
9
Let f(v) = -919*v + 6447. Let z be f(7). Let x(a) = 7*a - 14. Calculate x(z).
84
Let z(j) = -3*j + 0*j - j + 1. Suppose -4*u = c - 38, 34*u + 26 = 36*u - 3*c. Suppose 0 = 2*g - m - 4, 7*g = u*g - 2*m - 7. What is z(g)?
-3
Let l(i) = -4*i**3 + 5*i**2 + 1134*i - 6 - 570*i - 565*i. Give l(3).
-72
Let k = -26 - -30. Suppose 2*b = -10, -k*i + 3*b + 21 = -2. Let a(r) = 4*r**2 + r**3 + r - 4 - 7*r - i*r**2 + r. What is a(-3)?
2
Let x(b) be the third derivative of -b**5/30 + 7*b**4/24 + 2*b**3/3 + 2786*b**2. Calculate x(-5).
-81
Let s = 8450 + -8435. Let q(g